
Let l(y) = -310*y**2 - 32*y - 131. Let d(h) = 27*h**2 + 3*h + 12. Let k(m) = 23*d(m) + 2*l(m). Determine k(-7).
28
Let u be 301/(-63) - (((-1848)/27)/(-11) - 6). Let z(k) = -k**2 + 8*k + 14. Calculate z(u).
-51
Suppose 11*m - 527 = -637. Let d(y) = 60*y + 596. Calculate d(m).
-4
Let b(f) = 2*f**2 + 2*f + 1. Let w(y) = 6*y - 24. Let j be w(5). Suppose 0 = 108*m - 105*m + j. Determine b(m).
5
Suppose -4*w = -4, l = 4*w - w + 2. Suppose 17*j - l = 12*j. Let x(k) be the third derivative of 11*k**4/12 - k**3/6 - 6*k**2. Calculate x(j).
21
Let r(p) = 33*p - 90. Let l(v) = -24*v + 89. Let o(t) = -4*l(t) - 3*r(t). Determine o(-25).
-11
Let x(f) = f - 9. Let g(u) = -u**3 - 7*u**2 + 2*u - 21. Let o be g(-8). Let n = 41 - o. Let j be 6/n - (-104)/(-14). Give x(j).
-16
Let j(l) = -l**3 - 13*l**2 - l - 10. Suppose 0 = -10*v + 5*v + 645. Suppose 0 = -b - v + 116. Give j(b).
3
Suppose 2*y = -2*b + 90, 3*y - 9*b = -4*b + 175. Let f = y + -46. Let a(z) = 6*z**2 + 2*z + f*z - 8*z**2 - 1. Determine a(4).
-9
Let i(d) = 26*d + 75. Let y(b) = -30*b - 71. Let f(j) = 3*i(j) + 2*y(j). Give f(-4).
11
Let s(m) be the first derivative of m**6/360 + m**5/24 - m**4/2 + 2*m**3/3 + 5*m**2 + 53. Let q(x) be the third derivative of s(x). Calculate q(-9).
24
Let y(b) = b**2 + 5*b - 34. Let x = 22596 - 22605. Give y(x).
2
Let c(n) = n**3 + 7*n**2 + 6*n + 1. Let f(a) = a**2 - 2*a**2 - 518*a + 7 + 506*a. Let d be f(-13). Let s be (2 - d/2)*(-1 + 0). Determine c(s).
21
Let p(x) = 2*x - 4. Let s = -198 + 201. Let q(k) = -2*k + 5. Let v(l) = s*q(l) + 4*p(l). What is v(2)?
3
Let z(n) = -n**2 + 37*n + 213. Let y(p) = p**2 - 37*p - 213. Let g(t) = 7*y(t) + 6*z(t). Calculate g(-5).
-3
Let a be 24/180 - (2 + (-292)/60). Suppose -z + 9 = -2*q + q, -27 = 3*q + a*z. Let s(v) = -v**3 - 8*v**2 + 7*v - 12. Calculate s(q).
6
Let g(s) be the third derivative of 1/12*s**4 + 67*s**2 + 0*s - 3/2*s**3 + 1. Give g(6).
3
Let h(b) be the third derivative of 1/2*b**3 + 0 - 90*b**2 + 0*b + 5/24*b**4. Calculate h(-3).
-12
Let g(j) = -2*j**3 - 14*j**2 - 16*j - 16. Suppose -7*w - 30 + 9 = 21. What is g(w)?
8
Let g(x) = 9*x - 3. Let y(r) = 11*r - 3. Let n(b) = -5*g(b) + 4*y(b). Determine n(-2).
5
Suppose 4*x - 9 = -1. Let d(l) = -84*l + 4455. Let y be d(53). Suppose x*z - 15 = y. Let s(q) = q**2 - 8*q - 4. Calculate s(z).
5
Let p(w) = 3*w**2 + 97*w + 632. Let f be p(-9). Let v(j) be the third derivative of -5/6*j**3 + 0*j - 1/24*j**4 + 0 + j**f. Give v(-6).
1
Let w(x) = 65*x - 4. Let n(z) = -11*z + 2. Let c(b) = 6*n(b) + w(b). What is c(7)?
1
Suppose -11*o = -156 + 24. Let a be (-2)/13 + ((-1652)/(-91) - o). Let c(w) = -w**2 + 4*w + 3. Calculate c(a).
-9
Let w(v) = -3 + 12*v + 17*v - 2*v - 2*v + v. Let l be 2/(-3) + (-42)/(-9). Let c(y) = 9*y - 1. Let g(j) = l*w(j) - 11*c(j). What is g(1)?
4
Let f(q) = 2*q**2 - 7*q - 8. Suppose -3*m + 4*m + 7 = 2*v, 0 = -v - 3*m + 21. Determine f(v).
22
Let t(m) be the second derivative of 0 - 42*m - m**2 - 1/3*m**4 + 1/2*m**3 + 1/20*m**5. What is t(3)?
-2
Let o(n) = -n**2 - n. Let p(b) be the third derivative of b**5/60 + b**4/12 + b**3/6 - 155*b**2. Suppose 3*r = -0*r. Let u be p(r). What is o(u)?
-2
Let c(v) = 2*v. Let n be c(1). Let s be -5 - ((-40)/2 + 4). Let t(x) = -7*x + 13*x - s*x. Calculate t(n).
-10
Let k(t) = -32*t - 2. Let n(a) = a. Let i(z) = -k(z) - 6*n(z). Let j(c) = 2*c**2 - 8*c - 1243. Let w be j(27). Calculate i(w).
-24
Let r(h) = 19*h + 15. Let w(u) = 33*u + 26. Let g(m) = -7*r(m) + 4*w(m). Calculate g(-1).
0
Suppose -4*n + 3*w + 24 = 0, -7*n + 8*n - w = 5. Let c(v) = 2*v**2 + 13*v - 13. Let d(g) = g**2 + 12*g - 13. Let j(l) = -2*c(l) + 3*d(l). Calculate j(n).
-4
Suppose 2*b + 4*b - 240 = 0. Let y = b + -38. Suppose -k + y*g - 1 = 0, 2*g = 4*k + k + 5. Let l(x) = 5*x + 1. Give l(k).
-4
Let f be ((-4)/(-20))/(1/5). Let n(z) = 8 + 4*z + 1 - z - f. What is n(-6)?
-10
Let j(b) = -b**2 + 6*b - 6. Let o = 5 - -1. Let l(u) = 11*u - 3*u**2 - 23 - 23*u**2 + 8*u**2 + 17*u**2. Let z be l(o). Give j(z).
-13
Let b(s) = -146*s + 3355. Let r be b(23). Let i(a) = 2*a + 23. Let v(f) = f + 8. Suppose 21 + 9 = -5*z. Let x(w) = z*i(w) + 17*v(w). Give x(r).
-17
Let n(w) = 81*w**2 + 86*w**2 - 168*w**2 + 4 + 10*w - 20. Calculate n(8).
0
Let t(d) = d**2 + 3*d - 44. Let i be t(6). Let b(z) = i + 4 - 11 - z. Calculate b(0).
3
Let r(z) be the third derivative of -z**5/20 - 7*z**4/8 - 7*z**3 - 44*z**2 - 3*z. Determine r(-3).
-6
Suppose -40*p - 41*p + 88*p = 0. Let r(l) be the third derivative of -1/3*l**3 + 0 - 1/6*l**4 + 29*l**2 + p*l. Determine r(-2).
6
Let u(v) = 4 + 40*v**2 - 23405*v - 44*v**2 + 23404*v + 2*v**3. What is u(-3)?
-83
Let p(h) = h**2 - h - 4. Suppose -g = 3*j + 491, 9 = -2*j - 5*g - 314. Let s = 169 + j. Determine p(s).
16
Let b = 5 + 118. Let r(d) = 4 + 2*d**2 - b*d + 132*d - d**2. Calculate r(-8).
-4
Let u(c) = c**2 - 2. Let q = 303 - 308. Let f(b) be the second derivative of -b**4/12 - b**3/6 + 3*b**2/2 + 3*b. Let l(z) = q*u(z) - 4*f(z). Calculate l(4).
-2
Let m be 16/7 + 4/(-14). Suppose 2*o - 4 = -u, -5*u - 7 = -9*u + o. Let q(a) = u*a + 47*a**3 - 2 + 53*a**3 - 99*a**3 - 3*a. Give q(m).
4
Suppose -2*c = 4*g - 15 - 1, 0 = -2*c. Suppose 5*n - 3*y - 447 = -7*y, 2*n + g*y - 186 = 0. Let j = n - 94. Let d(w) = -w**3 - 8*w**2 - 8*w - 7. Determine d(j).
0
Let l(u) be the second derivative of -u**7/2520 + 11*u**6/720 + u**5/24 - 61*u**4/6 - 6*u + 2. Let o(n) be the third derivative of l(n). What is o(8)?
29
Suppose 0 = 2*h + 2*c - 30, -h + 2*h + 3*c = 23. Let n be ((-6)/(-7))/(h/(-77)). Let b(y) be the third derivative of y**4/24 + y**3/6 + 42*y**2. Determine b(n).
-5
Let a(b) be the second derivative of 5*b**3/3 - 7*b**2/2 + 6538*b. What is a(10)?
93
Let s be 36/16 + (-1)/4. Suppose -s*f = -0*f - 8. Let p(b) = 30 + 4*b + 38 + 37 - 111. Give p(f).
10
Let o be 8/(-6)*((-48)/(-3) + -7). Let b(w) = -16*w - 189. Give b(o).
3
Suppose -11 = -5*t + 4. Let q(z) = 0*z + z - 2*z + 493 - 983 + 493. Give q(t).
0
Let v(g) = 2*g**2 - 3*g - 1. Let i(j) = 9*j**2 - 13*j - 17. Let n(m) = i(m) - 4*v(m). Let d be (-1 + -1)*18/4. Let l = -9 - d. Determine n(l).
-13
Let p be (-6)/27 + 5466/54 + -4. Suppose -3*w + p = 76. Let f(x) = 2*x**2 - 9*x - 3. Give f(w).
32
Let q be (2 - 2) + -7 + 4. Let k be ((-5)/3)/(q/9). Let x(y) = -6*y**2 + 7*y**2 - k + y + 0*y**2. Give x(-4).
7
Let n(x) be the second derivative of -x**3/2 - x**2/2 + x - 49. Calculate n(1).
-4
Let j(n) = 65 - 44*n**2 - 52*n**2 + 10*n + 95*n**2 + 10. Give j(17).
-44
Let y(q) = 3*q**3 - q**2 + 3*q + 2. Let g(r) = -17*r**3 - 39*r**2 + 24*r + 81. Let c(i) = -g(i) - 6*y(i). Give c(44).
-5
Let s(t) = -2*t**2 + 4. Let x(o) = -2*o**3 - 11*o**2 + o - 32. Suppose -2*v - 27 = 3*a, 2*v - 12 = a - 19. Let c be x(v). Calculate s(c).
-4
Let y(j) be the first derivative of -j**3 - j**2 - j + 1. Suppose -2*k - 5*w + 3 = 0, -4*w = 2*k - w - 1. Let g be (k + 2)/(25/(-25)). Calculate y(g).
-2
Let y(b) = 15*b - 12. Let j(z) = 3*z**2 + 218*z + 355. Let g be j(-71). Determine y(g).
-12
Let c(m) = -8*m + 16. Let d be (-34)/(-14) + 508/889. Give c(d).
-8
Let i(q) = 72*q + 253. Let t(s) = 34*s + 125. Let f(o) = -6*i(o) + 13*t(o). Determine f(-11).
-3
Let r(b) be the first derivative of b**4/4 + 5*b**3/3 - 4*b + 646. Give r(-3).
14
Suppose 0 = -5*r - 2*n - 8 - 12, 2*r + 8 = 4*n. Let w be 0/((r + (2 - 0))/(-2)). Let v(m) = m**2 - m - 17. Give v(w).
-17
Let y be 0 - (-10)/(2 - 0). Let b be 1*14 + -11 + 2. Let d(o) = 0 + 37*o - 2*o**3 + 3 - 36*o + 8*o**3 - b*o**3 - 5*o**2. Calculate d(y).
8
Let k = -309 - -590. Let f = -288 + k. Let g(i) = i**2 + 3*i - 3. Determine g(f).
25
Let d(p) = 2*p**2 - p + 1. Let a(r) = 11*r**2 - 14*r - 3 - 1 - 4*r - 5. Let j(f) = -a(f) + 5*d(f). Give j(13).
14
Suppose -2*m = 2*x + 2*x + 22, 0 = 4*m + 20. Let q(v) = -319*v + 15. Let u be q(x). Let k(b) = u - 5*b + 17*b - 970. Give k(2).
26
Let i(q) be the first derivative of q**5/120 - q**4/24 - 107*q**3/3 + 86. Let k(a) be the third derivative of i(a). What is k(-6)?
-7
Let u(y) = -19*y - 25. Let k be -6 - (-1 + 0 - 2) - 66/(-33). Determine u(k).
-6
Let f(p) = 29*p**2 + 143*p - 106. Let o(t) = 16*t**2 + 72*t - 56. Let x(r) = -6*f(r) + 11*o(r). What is x(33)?
20
Let a be (184/(-32) - -5)/((-6)/56). Let m(l) = 4556*l - l**3 - 4567*l - 2*l**3 + 4*l**3 + l**2 + a - 11*l**2. Determi